. What is the highest common factor of 2 and y?
2
Let x be (-6)/(-9)*-1*(-46 + 43). Let d be 4*(-2)/10*-5. Suppose 7*r - 6 = d*r. Calculate the greatest common factor of r and x.
2
Suppose 0 = 8*i - 0*i - 48. Let d be ((-2)/i)/((-6)/18). What is the highest common factor of 9 and d?
1
Let b be (-2 - (-4)/2) + 20. Suppose 0 = 5*g + b + 40. Let m be (g/(-10))/((-1)/(-10)). Calculate the highest common factor of 48 and m.
12
Suppose -2854 = -5*a - 3*b + 4*b, 5*a - 2838 = -3*b. Calculate the highest common divisor of a and 10.
10
Suppose 0 = 3*y - 5*p - 18 + 4, -4*y + 14 = -2*p. Suppose 37 = y*v - 35. Calculate the greatest common factor of v and 4.
4
Suppose 0 = d - 5*r - 1389, r - 7673 = -5*d - 754. Calculate the highest common factor of 8 and d.
8
Let d = 6 + -3. Suppose -w - 2*f = -d*w + 308, 0 = -4*f. Suppose 0*v - w = -2*v. Calculate the highest common divisor of v and 11.
11
Let v(y) = -93*y - 222. Let l be v(-3). Calculate the greatest common divisor of l and 627.
57
Suppose 5*x - 19 = -69. Let r(j) = -j**3 - 10*j**2 - j. Let k be r(x). Let d = -25 + 35. Calculate the highest common factor of d and k.
10
Suppose 5*z - 977 = -7*h + 5*h, -4*z - 932 = -2*h. Calculate the greatest common divisor of 7 and h.
7
Let w be 1 - 4 - (-14 - -3). Calculate the highest common divisor of 72 and w.
8
Let m be 36/(-8)*6/9. Let b(l) = -3*l**3 - 5*l**2 - 2*l + 4. Let v be b(m). Let u be v/(-161) - (-1138)/14. What is the highest common factor of 9 and u?
9
Suppose -4*z + 13*z = 90. Calculate the greatest common divisor of z and 50.
10
Suppose -21*r + 14*r = -1827. Calculate the highest common divisor of 696 and r.
87
Let k = -12 - -16. Suppose -k*y + 2*y = -28. Let l be (-7)/((-147)/18)*y. What is the highest common divisor of 12 and l?
12
Let d(z) = -z**3 + 27*z**2 + 27*z + 45. Let g be d(28). Calculate the greatest common divisor of 272 and g.
17
Let c = 207 + 125. What is the highest common divisor of c and 581?
83
Let h be 13 + 96 + (-1 - (-6 - -12)). Calculate the highest common factor of h and 357.
51
Let k(o) = 23*o**2 + 5*o + 4. Let n be k(-4). Suppose -16*x + 352 = -n. Calculate the highest common factor of x and 4.
4
Let g be (-1315 - -1)*7/(-14). What is the greatest common factor of 146 and g?
73
Let h = 0 - -5. Let x = 12 - 9. Suppose 0*c + x*n + 52 = c, -3*c + 2*n = -128. Calculate the highest common divisor of h and c.
5
Suppose -5*q = 5*h - 550, 3*q + 0*q - 3*h - 330 = 0. Suppose 3*n + 115 = -q. Let i = n + 130. What is the highest common divisor of 22 and i?
11
Let w be (-5)/((-10)/(-8)) + 7. What is the highest common divisor of 69 and w?
3
Let h(s) = -6*s - 3. Let q be h(2). Let u be -3*5/q*13. What is the highest common divisor of 221 and u?
13
Let d = 32 - -193. What is the greatest common divisor of 9 and d?
9
Suppose -4*a = -s + 246, a = 5*a - 16. Let r = s - -8. Calculate the highest common divisor of 27 and r.
27
Let b = -90 - -200. What is the greatest common divisor of b and 44?
22
Suppose a + w = 244, a + 11*w - 260 = 6*w. Calculate the highest common divisor of a and 40.
40
Suppose 5*k = -k. Let p be k - -1 - 981/(-9). Calculate the highest common factor of 10 and p.
10
Suppose 6*h - p = 2*h + 140, -p = 4*h - 132. Suppose 551 - 126 = 5*i. Let w be (i/25)/1*5. Calculate the highest common factor of w and h.
17
Let b = 2 - -34. Suppose -15*d - 12 = -19*d, -p = 3*d - 153. Calculate the highest common factor of p and b.
36
Let b(a) = 2*a**3 - 2*a**2 - 7*a + 4. Let x = -103 - -106. Let c be b(x). Calculate the highest common factor of 57 and c.
19
Suppose -2*i = -2*z + 2*i - 20, 5*i - 25 = z. Let k be (3 + (4 - z))*(5 - 0). Calculate the greatest common divisor of 21 and k.
7
Suppose 0 = -3*y + 140 + 49. Let w = -531 + 538. Calculate the highest common divisor of y and w.
7
Let q(k) be the second derivative of 67*k**4/12 - k**3/3 + k**2/2 + 8*k. Let a be q(-1). What is the greatest common divisor of a and 14?
14
Let t = -6 + 4. Let m be (-6 - -6) + (t - -12). Let b = m - 6. What is the highest common factor of 20 and b?
4
Suppose 90 = a + 4*a. Suppose 3*u = 2*u - 6*u + 210. Calculate the highest common divisor of u and a.
6
Let f = 29 + 25. Calculate the greatest common factor of f and 24.
6
Let u = 836 + -797. What is the highest common factor of u and 3?
3
Suppose 2*l - 4*l + 168 = -4*n, 4*l = -5*n + 297. What is the highest common divisor of l and 26?
26
Let o be (118/(-472))/(2/(-184)). Calculate the highest common divisor of 253 and o.
23
Suppose 71*v - 69*v - 1166 = 0. What is the greatest common factor of v and 106?
53
Let u(s) = -3*s - 20. Let n be u(-14). Calculate the greatest common divisor of 231 and n.
11
Suppose 388 - 313 = 15*f. What is the highest common factor of 400 and f?
5
Suppose -100*p = -127*p + 216. Calculate the greatest common divisor of p and 2.
2
Let z(d) = d**2 - 5*d + 8. Let u be z(6). Let a be u + 0/((-20)/5). Calculate the highest common factor of 35 and a.
7
Let i(g) = g**2 - 4*g + 5. Let a be i(5). Suppose 0 = -2*z + 3*j - 8*j + 56, -a = 5*j. What is the greatest common divisor of z and 3?
3
Let t be 2/(-3)*24/(-16). Let f be 11/(t*4/(-20)). Let l be (-1530)/f - (-4)/22. Calculate the highest common factor of l and 7.
7
Let r(g) = 9*g**2 - g + 1. Let s be r(2). Suppose -58 = -j - 3*l, -3*j - 3*l + 290 = 2*j. Suppose 9*h - 68 = j. Calculate the greatest common factor of h and s.
7
Let c be ((-369)/(-18))/(3/66). Calculate the greatest common factor of c and 11.
11
Let s(t) = -2*t - 8. Let g be s(-8). Let d = 10 + g. Let i be (-4)/(-2) + 164 + (75 - 79). Calculate the greatest common factor of i and d.
18
Let j = 53 - 61. Let g(l) = -l**3 - 6*l**2 + 13*l - 14. Let k be g(j). What is the greatest common factor of 80 and k?
10
Let m(a) = 2*a + 26. Let i be m(-13). Let u be 3 - -360 - i/1. Calculate the greatest common divisor of 33 and u.
33
Let u be 2 + 2/4 + 1145/2. What is the highest common factor of u and 23?
23
Let o be (1932/230)/(-2*2/(-10)). Calculate the greatest common factor of 4 and o.
1
Suppose -8*o + 710 = 166. Calculate the highest common divisor of o and 1700.
68
Let a(z) = 3*z**3 - 7*z**2 + 21*z - 63. Let g be a(3). Let q = 437 + -275. What is the highest common factor of g and q?
18
Let s = 229 + -139. Calculate the greatest common factor of 10 and s.
10
Suppose -4*u - 162 = -4*p - 58, 2*p - 4*u - 50 = 0. What is the highest common divisor of p and 27?
27
Let a be (-175620)/(-32) - (-15)/(-120). What is the greatest common divisor of 112 and a?
112
Suppose -3*s = 5*b + 26, 7*s + 6 = 4*s. Let i be -9*(b/(-3))/(-2). Suppose 0 = 11*d - 987 + 393. Calculate the greatest common factor of i and d.
6
Let a(r) = -2*r**3 - 8*r**2 + 13*r + 12. Let n be a(-8). What is the highest common divisor of n and 28?
28
Let g be (3/(-12))/((-17)/1020). Calculate the greatest common divisor of g and 285.
15
Suppose i - 12 = 4*k, 0*i = 2*i - 2*k. Let s be i + 3/((-9)/(-42)). Let z be 2 - (0 + -2 + 2). What is the greatest common divisor of z and s?
2
Let v = 800 + -260. Calculate the highest common divisor of v and 756.
108
Let h = 11 - 6. Let m(b) = -b**2 + 11*b + 5. Let w be m(0). Let z be 1 - (w/(-4) + 9/36). What is the highest common divisor of z and h?
1
Let q(a) = 20*a**2 + 33*a + 9. Let o(z) = -7*z**2 - 11*z - 3. Let l(i) = 17*o(i) + 6*q(i). Let t be l(-18). What is the greatest common divisor of 86 and t?
43
Let l be 108/12 - (-644 + 9). What is the greatest common divisor of 92 and l?
92
Suppose 0 = 2*t - 2*x + 58 - 200, -3*x + 12 = 0. What is the greatest common divisor of t and 1575?
75
Let d be (-678336)/(-384) + (-10)/(-4). Calculate the greatest common factor of 58 and d.
29
Let x be 3/6 + 14/4. Suppose 5*b - 28 = j - 2*j, 212 = x*j - 5*b. Calculate the greatest common divisor of 32 and j.
16
Let r = -24 - -27. Suppose -3 = -0*j - r*j. Let z(s) = 5*s**3 - 2*s**2 + s. Let m be z(j). Calculate the highest common divisor of 6 and m.
2
Let i(r) = 12*r - 16. Let s(u) = 36*u - 48. Let g(q) = -7*i(q) + 2*s(q). Let p be g(-12). Suppose -p = -f - f. What is the highest common divisor of 10 and f?
10
Let v be (-153)/(6 + 3)*1*-1. Let b(k) = k**2 + 9*k + 17. Let l be b(8). Calculate the greatest common factor of l and v.
17
Let o be (1 - 1 - -2)/(2/(-5)). Let k(x) = -x**3 - 5*x**2 - 2*x. Let y be k(o